{"id":96,"date":"2019-06-15T10:34:56","date_gmt":"2019-06-15T10:34:56","guid":{"rendered":"http:\/\/hovawart-langerner-alm.de\/?page_id=96"},"modified":"2019-06-23T17:50:57","modified_gmt":"2019-06-23T17:50:57","slug":"der-hovawart","status":"publish","type":"page","link":"https:\/\/hovawart-langerner-alm.de\/?page_id=96","title":{"rendered":"Der Hovawart"},"content":{"rendered":"\n<div class=\"wp-block-cover\" style=\"background-image:url(http:\/\/hovawart-langerner-alm.de\/wp-content\/uploads\/2019\/05\/MG_1462.jpg);background-position:58.06451612903226% 61.80555555555556%\"><div class=\"wp-block-cover__inner-container is-layout-flow wp-block-cover-is-layout-flow\">\n<p style=\"text-align:center\" class=\"has-large-font-size\"><\/p>\n<\/div><\/div>\n\n\n\n<p class=\"has-text-color has-large-font-size has-virtue-primary-color\">Der Hovawart<\/p>\n\n\n\n<p><br>Bodyguard mit eigenem Kopf<\/p>\n\n\n\n<p>Der Hovawart ist ein besonderer Hund f\u00fcr besondere Leute: Fremden gegen\u00fcber ein unbestechlicher W\u00e4chter und Sch\u00fctzer \u00fcber Haus, Hof und die ganze Familie.<\/p>\n\n\n\n<p>Ihr Wesen kann als intelligent, wachsam, gesellig, ausgeglichen und familienfreundlich bezeichnet werden.<\/p>\n\n\n\n<p>Der Hovi braucht eine f\u00fchrende Hand in seiner Ausbildung. Wenn er dann mit 3 Jahren sein Flegelalter hinter sich hat, ist er ein treuer und lieber Begleiter. <\/p>\n\n\n\n<p>Der Hovi ist ein langhaariger, kraftvoller, mittelgro\u00dfer Hund. Die Geschlechtsunterschiede sind vom K\u00f6rperbau und der Kopfform deutlich zu erkennen. H\u00fcndinnen werden zwischen 58cm und 65cm gro\u00df, die R\u00fcden hingegen haben ein Stockma\u00df von 63cm bis 70cm.<\/p>\n\n\n\n<p>Es gibt den Hovi in drei Farbschl\u00e4gen: Schwarzmarken, blond und schwarz.<\/p>\n\n\n\n<p>Wenn Sie viel Geduld, Zeit, Einf\u00fchlungsverm\u00f6gen, eine liebevolle Konsequenz haben und dazu noch k\u00f6rperlich fit sind, dann k\u00f6nnten sie als zuk\u00fcnftiger Besitzer eine unvergessliche Zeit mit einem treuen Wegbegleiter haben. Der Hovawart hat eine sensible Seite und m\u00f6chte daher nicht den \u00a0Tag im Zwinger verbringen. Denn, wie schon erw\u00e4hnt, liebt der Hovi es in seiner Eigenschaft als Hofw\u00e4chter t\u00e4tig zu sein. <\/p>\n","protected":false},"excerpt":{"rendered":"<p>Der Hovawart Bodyguard mit eigenem Kopf Der Hovawart ist ein besonderer Hund f\u00fcr besondere Leute: Fremden gegen\u00fcber ein unbestechlicher W\u00e4chter und Sch\u00fctzer \u00fcber Haus, Hof und die ganze Familie. Ihr Wesen kann als intelligent, wachsam, gesellig, ausgeglichen und familienfreundlich bezeichnet &hellip; <a href=\"https:\/\/hovawart-langerner-alm.de\/?page_id=96\">Weiter<\/a><\/p>\n","protected":false},"author":1,"featured_media":0,"parent":0,"menu_order":0,"comment_status":"closed","ping_status":"closed","template":"","meta":{"kt_blocks_editor_width":"","footnotes":""},"class_list":["post-96","page","type-page","status-publish","hentry"],"jetpack_sharing_enabled":true,"_links":{"self":[{"href":"https:\/\/hovawart-langerner-alm.de\/index.php?rest_route=\/wp\/v2\/pages\/96"}],"collection":[{"href":"https:\/\/hovawart-langerner-alm.de\/index.php?rest_route=\/wp\/v2\/pages"}],"about":[{"href":"https:\/\/hovawart-langerner-alm.de\/index.php?rest_route=\/wp\/v2\/types\/page"}],"author":[{"embeddable":true,"href":"https:\/\/hovawart-langerner-alm.de\/index.php?rest_route=\/wp\/v2\/users\/1"}],"replies":[{"embeddable":true,"href":"https:\/\/hovawart-langerner-alm.de\/index.php?rest_route=%2Fwp%2Fv2%2Fcomments&post=96"}],"version-history":[{"count":8,"href":"https:\/\/hovawart-langerner-alm.de\/index.php?rest_route=\/wp\/v2\/pages\/96\/revisions"}],"predecessor-version":[{"id":151,"href":"https:\/\/hovawart-langerner-alm.de\/index.php?rest_route=\/wp\/v2\/pages\/96\/revisions\/151"}],"wp:attachment":[{"href":"https:\/\/hovawart-langerner-alm.de\/index.php?rest_route=%2Fwp%2Fv2%2Fmedia&parent=96"}],"curies":[{"name":"wp","href":"https:\/\/api.w.org\/{rel}","templated":true}]}}