{"id":12,"date":"2019-05-27T19:37:21","date_gmt":"2019-05-27T19:37:21","guid":{"rendered":"http:\/\/hovawart-langerner-alm.de\/?page_id=12"},"modified":"2023-04-18T18:58:53","modified_gmt":"2023-04-18T18:58:53","slug":"langerner-alm","status":"publish","type":"page","link":"https:\/\/hovawart-langerner-alm.de\/?page_id=12","title":{"rendered":"\u00dcber uns"},"content":{"rendered":"<style>.kb-row-layout-id_e9e634-74 > .kt-row-column-wrap{align-content:start;}:where(.kb-row-layout-id_e9e634-74 > .kt-row-column-wrap) > .wp-block-kadence-column{justify-content:start;}.kb-row-layout-id_e9e634-74 > .kt-row-column-wrap{column-gap:var(--global-kb-gap-md, 2rem);row-gap:var(--global-kb-gap-md, 2rem);padding-top:var(--global-kb-spacing-sm, 1.5rem);padding-bottom:var(--global-kb-spacing-sm, 1.5rem);grid-template-columns:minmax(0, calc(10% - ((var(--global-kb-gap-md, 2rem) * 1 )\/2)))minmax(0, calc(90% - ((var(--global-kb-gap-md, 2rem) * 1 )\/2)));}.kb-row-layout-id_e9e634-74 > .kt-row-layout-overlay{opacity:0.30;}@media all and (max-width: 1024px){.kb-row-layout-id_e9e634-74 > .kt-row-column-wrap{grid-template-columns:repeat(2, minmax(0, 1fr));}}@media all and (max-width: 767px){.kb-row-layout-id_e9e634-74 > .kt-row-column-wrap{grid-template-columns:minmax(0, 1fr);}}<\/style><div class=\"kb-row-layout-wrap kb-row-layout-id_e9e634-74 alignnone wp-block-kadence-rowlayout\"><div class=\"kt-row-column-wrap kt-has-2-columns kt-row-layout-right-golden kt-tab-layout-inherit kt-mobile-layout-row kt-row-valign-top\">\n<style>.kadence-column_aacacd-60 > .kt-inside-inner-col,.kadence-column_aacacd-60 > .kt-inside-inner-col:before{border-top-left-radius:0px;border-top-right-radius:0px;border-bottom-right-radius:0px;border-bottom-left-radius:0px;}.kadence-column_aacacd-60 > .kt-inside-inner-col{column-gap:var(--global-kb-gap-sm, 1rem);}.kadence-column_aacacd-60 > .kt-inside-inner-col{flex-direction:column;}.kadence-column_aacacd-60 > .kt-inside-inner-col > .aligncenter{width:100%;}.kadence-column_aacacd-60 > .kt-inside-inner-col:before{opacity:0.3;}.kadence-column_aacacd-60{position:relative;}@media all and (max-width: 1024px){.kadence-column_aacacd-60 > .kt-inside-inner-col{flex-direction:column;}}@media all and (max-width: 767px){.kadence-column_aacacd-60 > .kt-inside-inner-col{flex-direction:column;}}<\/style>\n<div class=\"wp-block-kadence-column kadence-column_aacacd-60 inner-column-1\"><div class=\"kt-inside-inner-col\"><\/div><\/div>\n\n\n<style>.kadence-column_8a9a03-be > .kt-inside-inner-col,.kadence-column_8a9a03-be > .kt-inside-inner-col:before{border-top-left-radius:0px;border-top-right-radius:0px;border-bottom-right-radius:0px;border-bottom-left-radius:0px;}.kadence-column_8a9a03-be > .kt-inside-inner-col{column-gap:var(--global-kb-gap-sm, 1rem);}.kadence-column_8a9a03-be > .kt-inside-inner-col{flex-direction:column;}.kadence-column_8a9a03-be > .kt-inside-inner-col > .aligncenter{width:100%;}.kadence-column_8a9a03-be > .kt-inside-inner-col:before{opacity:0.3;}.kadence-column_8a9a03-be{position:relative;}@media all and (max-width: 1024px){.kadence-column_8a9a03-be > .kt-inside-inner-col{flex-direction:column;}}@media all and (max-width: 767px){.kadence-column_8a9a03-be > .kt-inside-inner-col{flex-direction:column;}}<\/style>\n<div class=\"wp-block-kadence-column kadence-column_8a9a03-be inner-column-2\"><div class=\"kt-inside-inner-col\"><style>.wp-block-kadence-advancedheading.kt-adv-heading_aa3ab6-6d, .wp-block-kadence-advancedheading.kt-adv-heading_aa3ab6-6d[data-kb-block=\"kb-adv-heading_aa3ab6-6d\"]{font-weight:normal;font-style:normal;color:#915701;}.wp-block-kadence-advancedheading.kt-adv-heading_aa3ab6-6d mark, .wp-block-kadence-advancedheading.kt-adv-heading_aa3ab6-6d[data-kb-block=\"kb-adv-heading_aa3ab6-6d\"] mark{font-weight:normal;font-style:normal;color:#f76a0c;padding-top:0px;padding-right:0px;padding-bottom:0px;padding-left:0px;}<\/style>\n<h1 class=\"kt-adv-heading_aa3ab6-6d wp-block-kadence-advancedheading\" data-kb-block=\"kb-adv-heading_aa3ab6-6d\">\u00dcber uns&#8230;<\/h1>\n\n\n\n<figure class=\"wp-block-image size-large\"><img loading=\"lazy\" decoding=\"async\" width=\"1024\" height=\"451\" src=\"http:\/\/hovawart-langerner-alm.de\/wp-content\/uploads\/2021\/11\/header_Kira-Mari-9-von-16-1024x451.jpg\" alt=\"\" class=\"wp-image-311\" srcset=\"https:\/\/hovawart-langerner-alm.de\/wp-content\/uploads\/2021\/11\/header_Kira-Mari-9-von-16-1024x451.jpg 1024w, https:\/\/hovawart-langerner-alm.de\/wp-content\/uploads\/2021\/11\/header_Kira-Mari-9-von-16-300x132.jpg 300w, https:\/\/hovawart-langerner-alm.de\/wp-content\/uploads\/2021\/11\/header_Kira-Mari-9-von-16-768x338.jpg 768w, https:\/\/hovawart-langerner-alm.de\/wp-content\/uploads\/2021\/11\/header_Kira-Mari-9-von-16-1536x677.jpg 1536w, https:\/\/hovawart-langerner-alm.de\/wp-content\/uploads\/2021\/11\/header_Kira-Mari-9-von-16.jpg 1900w\" sizes=\"(max-width: 1024px) 100vw, 1024px\" \/><\/figure>\n\n\n\n<p>Wir, das sind unsere Hovih\u00fcndinnen Kira &amp; Mari, unsere zwei Katzen Luci und Buffy und Ihre Besitzer Angelika und Matthias. Unsere Heimat ist Werne, am Rande des M\u00fcnsterlandes, in der kleinen Bauernschaft Langern. Wir sind umgeben von gr\u00fcnen Wiesen, Feldern und Wald. Im Herbst wird immer ein kleiner Almabtrieb gemacht, wo nat\u00fcrlich auch unsere K\u00fche geschm\u00fcckt werden. Daher ist auch der Zwingername \u201evon der Langerner- Alm\u201c entstanden. Bis vor ein paar Jahren hatten wir noch Bernersennenhunde. Da bei dieser Rasse die H\u00fcftkrankheit immer gr\u00f6\u00dfer wurde, haben wir uns f\u00fcr einen Hofw\u00e4chter entschieden. Unsere H\u00fcndin Kira lebt mit uns im Haus, Garten, Hof und kann sich frei auf dem Grundst\u00fcck bewegen. Denn Sie liebt es unseren Hof zu bewachen.<\/p>\n\n\n\n<p>Kira und ihre Tochter Mari (Asra) sind \u00fcberall dabei und bereichert unser Leben durch Ihr liebes und ausgeglichenes Wesen. Au\u00dferdem bewachen Sie hervorragend Haus, Hof und Besitzer. <\/p>\n<\/div><\/div>\n\n<\/div><\/div>","protected":false},"excerpt":{"rendered":"<p>\u00dcber uns&#8230; Wir, das sind unsere Hovih\u00fcndinnen Kira &amp; Mari, unsere zwei Katzen Luci und Buffy und Ihre Besitzer Angelika und Matthias. Unsere Heimat ist Werne, am Rande des M\u00fcnsterlandes, in der kleinen Bauernschaft Langern. Wir sind umgeben von gr\u00fcnen &hellip; <a href=\"https:\/\/hovawart-langerner-alm.de\/?page_id=12\">Weiter<\/a><\/p>\n","protected":false},"author":1,"featured_media":0,"parent":0,"menu_order":0,"comment_status":"closed","ping_status":"closed","template":"","meta":{"kt_blocks_editor_width":"","footnotes":""},"class_list":["post-12","page","type-page","status-publish","hentry"],"jetpack_sharing_enabled":true,"_links":{"self":[{"href":"https:\/\/hovawart-langerner-alm.de\/index.php?rest_route=\/wp\/v2\/pages\/12"}],"collection":[{"href":"https:\/\/hovawart-langerner-alm.de\/index.php?rest_route=\/wp\/v2\/pages"}],"about":[{"href":"https:\/\/hovawart-langerner-alm.de\/index.php?rest_route=\/wp\/v2\/types\/page"}],"author":[{"embeddable":true,"href":"https:\/\/hovawart-langerner-alm.de\/index.php?rest_route=\/wp\/v2\/users\/1"}],"replies":[{"embeddable":true,"href":"https:\/\/hovawart-langerner-alm.de\/index.php?rest_route=%2Fwp%2Fv2%2Fcomments&post=12"}],"version-history":[{"count":26,"href":"https:\/\/hovawart-langerner-alm.de\/index.php?rest_route=\/wp\/v2\/pages\/12\/revisions"}],"predecessor-version":[{"id":401,"href":"https:\/\/hovawart-langerner-alm.de\/index.php?rest_route=\/wp\/v2\/pages\/12\/revisions\/401"}],"wp:attachment":[{"href":"https:\/\/hovawart-langerner-alm.de\/index.php?rest_route=%2Fwp%2Fv2%2Fmedia&parent=12"}],"curies":[{"name":"wp","href":"https:\/\/api.w.org\/{rel}","templated":true}]}}